of 16973 and 164032.
11
What is the highest common factor of 668625 and 2250?
375
Calculate the greatest common divisor of 8760 and 895861110.
2190
What is the greatest common divisor of 4 and 4373324?
4
What is the highest common factor of 502801 and 26?
13
Calculate the highest common divisor of 7978139 and 2275.
13
Calculate the highest common factor of 749205 and 6390.
45
Calculate the highest common factor of 1974 and 53382318.
282
What is the greatest common factor of 47662447 and 2107?
2107
What is the greatest common divisor of 1371216 and 4611?
159
What is the greatest common factor of 92153975 and 25?
25
What is the highest common divisor of 5049 and 125127?
9
Calculate the greatest common factor of 4939 and 6563033.
449
Calculate the highest common factor of 9055039 and 19.
19
What is the highest common factor of 46965 and 779211970?
15655
Calculate the greatest common factor of 5198 and 995890018.
5198
What is the greatest common divisor of 1142 and 57775493?
571
Calculate the highest common factor of 2125645067 and 91.
91
What is the highest common factor of 101 and 59443?
1
Calculate the greatest common divisor of 322684 and 964.
4
What is the highest common divisor of 231409530 and 2970?
990
Calculate the greatest common factor of 44241 and 25539.
3
What is the highest common factor of 8092184 and 191049?
1481
Calculate the greatest common factor of 5443212 and 12.
12
What is the greatest common factor of 9398 and 1856142?
74
What is the greatest common factor of 16 and 1814248?
8
What is the highest common factor of 43595950 and 100?
50
Calculate the greatest common divisor of 100 and 5050410.
10
What is the highest common divisor of 2423984 and 1168?
16
Calculate the greatest common factor of 2074662 and 558.
18
What is the greatest common factor of 647723600 and 40?
40
What is the highest common factor of 10027 and 999?
37
Calculate the greatest common divisor of 442444 and 64342.
106
Calculate the highest common factor of 49929 and 60550171.
979
Calculate the highest common factor of 11921 and 651469.
91
What is the greatest common divisor of 17447 and 495013?
73
Calculate the highest common divisor of 273757 and 14267.
11
What is the greatest common factor of 84726379 and 217?
31
Calculate the highest common divisor of 89584 and 1738.
22
What is the highest common factor of 201711 and 49629?
213
Calculate the greatest common divisor of 63 and 84190131.
9
Calculate the highest common divisor of 3930 and 46910.
10
What is the greatest common divisor of 149300 and 1510?
10
What is the greatest common divisor of 44584 and 171488?
8
Calculate the greatest common divisor of 408020 and 25219184.
3548
What is the highest common factor of 4454 and 4700806?
34
What is the highest common factor of 6444610 and 428?
214
What is the greatest common factor of 8251880 and 1560?
520
Calculate the greatest common divisor of 6819520 and 640.
320
Calculate the highest common factor of 4151105 and 15715.
35
What is the highest common factor of 4 and 14687612?
4
What is the greatest common divisor of 62240459 and 1282?
641
Calculate the highest common factor of 184644389 and 1942.
971
What is the greatest common divisor of 86037 and 21189?
21
What is the highest common factor of 493 and 111979?
17
What is the greatest common factor of 24892 and 537464?
508
Calculate the greatest common divisor of 10135413 and 13572.
261
Calculate the greatest common factor of 48600 and 456.
24
Calculate the highest common factor of 492738 and 34686.
246
Calculate the greatest common divisor of 1172314 and 221.
13
Calculate the highest common factor of 261542421 and 630.
63
Calculate the highest common factor of 882 and 932792.
14
What is the highest common divisor of 40566 and 262265951?
6761
What is the greatest common factor of 773766 and 2466?
18
Calculate the greatest common factor of 442 and 248336.
34
Calculate the highest common factor of 4763584 and 837.
31
What is the greatest common divisor of 80 and 92455?
5
What is the greatest common divisor of 61765104 and 96?
48
Calculate the highest common divisor of 563164 and 1820.
28
What is the highest common factor of 3305691 and 20682?
27
Calculate the greatest common factor of 32396 and 269759.
623
What is the greatest common divisor of 213215 and 80?
5
Calculate the highest common factor of 15 and 1965410295.
15
Calculate the highest common factor of 10670742 and 50958.
342
Calculate the greatest common factor of 1345 and 1715580.
5
Calculate the highest common divisor of 5 and 3401935.
5
Calculate the highest common divisor of 220749953 and 181.
181
What is the greatest common divisor of 29008 and 1804712?
2072
Calculate the greatest common factor of 82021749 and 276.
69
Calculate the highest common divisor of 9141 and 88317295.
3047
What is the greatest common divisor of 253216 and 11029?
41
Calculate the highest common factor of 643861 and 55199.
191
What is the greatest common factor of 637 and 199901?
13
What is the greatest common divisor of 66 and 2462902?
2
Calculate the highest common factor of 748 and 4809332.
44
Calculate the highest common factor of 10 and 1751037550.
10
What is the highest common factor of 10246716 and 3060?
612
What is the greatest common factor of 18720 and 84014190?
1170
What is the greatest common divisor of 66 and 8501658?
66
What is the greatest common divisor of 60163 and 50269?
17
Calculate the highest common factor of 4899 and 6828.
3
What is the highest common factor of 1684674480 and 934?
934
Calculate the greatest common factor of 228504234 and 42.
42
Calculate the greatest common factor of 315745 and 3085.
5
Calculate the greatest common divisor of 4609 and 2992.
11
Calculate the highest common factor of 15620178 and 22134.
714
What is the greatest common divisor of 2490 and 28619640?
30
What is the highest common factor of 77 and 315637322?
77
Calculate the greatest common divisor of 42839885 and 110.
55
What is the highest common factor of 237532913 and 6769?
967
Calculate the greatest common divisor of 4356 and 8961282.
198
What is the greatest common divisor of 99 and 109677?
3
Calculate the greatest common divisor of 70 and 27589735.
5
Calculate the highest common factor of 17125712 and 56.
8
Calculate the highest common factor of 18 and 2032512.
6
What is the greatest common divisor of 1416447 and 6902?
29
What is the greatest common divisor of 54 and 65505474?
18
What is the highest common divisor of 630 and 84489300?
630
What is the highest common divisor of 4938975 and 405?
405
Calculate the highest common divisor of 22230 and 11246670.
1710
Calculate the greatest common divisor of 3526 and 167313.
43
What is the greatest common divisor of 34378480 and 560?
80
Calculate the greatest common factor of 39249 and 46023057.
801
Calculate the greatest common divisor of 248 and 30313288.
248
Calculate the greatest common factor of 4402015 and 1824.
19
Calculate the greatest common factor of 9 and 60563268.
9
What is the greatest common factor of 3141 and 161514408?
1047
Calculate the highest common divisor of 10782070 and 1430.
130
What is the greatest common factor of 1983200 and 340?
20
Calculate the greatest common factor of 14195 and 4624425.
85
What is the greatest common factor of 14094 and 147?
3
Calculate the greatest common factor of 608 and 830104.
8
What is the highest common divisor of 304 and 49125982?
38
Calculate the highest common divisor of 19 and 151858127.
19
Calculate the highest common factor of 4842174 and 9.
3
Calculate the greatest common factor of 144525808 and 60788.
4676
Calculate the greatest common factor of 488924268 and 31584.
3948
What is the highest common factor of 32300 and 212857?
323
Calculate the highest common factor of 3472 and 1019094.
62
Calculate the highest common factor of 76407 and 117.
3
What is the highest common factor of 51761 and 24257?
191
What is the highest common divisor of 3255 and 428855?
35
Calculate the highest common divisor of 2875 and 11689925.
25
What is the greatest common factor of 791907 and 1605?
321
Calculate the greatest common factor of 376842 and 1252158.
1086
Calculate the highest common divisor of 20 and 242988870.
10
Calculate the highest common divisor of 1952 and 402179344.
976
Wha